se 2*q = v - 411, -426 = -0*v - v - q. What are the prime factors of v?
421
Let n = -1 + 0. Let r(y) be the first derivative of -26*y**2 - 2*y - 88. What are the prime factors of r(n)?
2, 5
Suppose 18 = 5*d - 7. Suppose d*w - 823 + 163 = 0. What are the prime factors of w?
2, 3, 11
Let b = -631 - -1113. List the prime factors of b.
2, 241
Let k(h) be the first derivative of -2*h + 1/3*h**3 + h**2 + 3. What are the prime factors of k(-7)?
3, 11
Suppose 211 = -5*b + 786. Suppose 4*y + 2*j = 98, -b = -5*y - j - 3*j. List the prime factors of y.
3
Let c = 48 + -28. Let i = 66 - c. Suppose -3*b = -b - i. What are the prime factors of b?
23
Let d = 8 - 7. Let l(k) = 2*k**3 + 1. Let x be l(d). Let m(g) = g**3 - 1. List the prime factors of m(x).
2, 13
Let q(f) = f**3 - 13*f**2 + 4*f - 57. Let z be q(13). Let y be (-13)/(-5) + 2/5. List the prime factors of (-620)/(-50) - y/z.
13
Suppose -552 = 31*l - 9387. List the prime factors of l.
3, 5, 19
Let a(n) = 3*n - 12. Let u(c) = -8*c**2 - 17*c**3 + 8 + 11*c + 11*c**3 - 2*c**2 + 5*c**3. Let y be u(-11). List the prime factors of a(y).
2, 3
What are the prime factors of 758/26 - 40/260?
29
Let k(h) = -h**2 - 7*h - 1. Let l(j) = -4*j**2 - 29*j - 3. Let i(z) = 9*k(z) - 2*l(z). Suppose -3 = u - 1. List the prime factors of i(u).
3
Suppose -2*d + 44 = -0*d. Let u = -2 + d. Suppose 74 = 2*m + u. List the prime factors of m.
3
Let k(m) = -183*m + 15. Let b be k(-5). List the prime factors of (-6)/(-4) - b/(-12).
79
List the prime factors of (-136)/(-16)*(-2 - -162).
2, 5, 17
Let o(x) = 30 + 5*x**2 - 9 + 12*x**2 + 2*x**3 - x**3. Let y(u) = u**2 - 10*u + 4. Let h be y(7). List the prime factors of o(h).
3, 7
Suppose 20 = 4*r + r. Suppose 0 = -4*g + 1 + 11. Suppose q = 2*q + 5*p - 50, -r*p = g*q - 106. List the prime factors of q.
2, 3, 5
Suppose 3*f = -5*j - 0*f + 207, 2*f - 8 = 0. Suppose -3*y + 540 = -j. List the prime factors of y.
193
Let a be ((-16)/6)/(52/78). What are the prime factors of 522/(6/2)*a/(-8)?
3, 29
Suppose 0 = 4*y + 5*b - 1592, -2*y + 0*b + 796 = 4*b. Let j = y - 274. List the prime factors of j.
2, 31
Suppose 5*d - 2*a + 0*a = 836, -4*a = d - 154. List the prime factors of d.
2, 83
Let p = 2974 - -1828. List the prime factors of p.
2, 7
Let r be (-3 + 2)*1*-2. Suppose 2*q - 3*g = -11, -5*q + r*g - 4 = -2*q. Suppose -2*n + 78 = 3*x, n - q*n + 44 = 4*x. What are the prime factors of n?
2, 3
Suppose -q - 168 - 7 = 0. Let y = q + 302. List the prime factors of y.
127
Let a(b) = -b**3 - 4. Let n be a(-3). Suppose 224 = j + n. List the prime factors of j.
3, 67
Suppose 0 = 3*t - 15*t + 2304. What are the prime factors of t?
2, 3
Let x(v) = v**3 + 2*v**2 + 2*v + 4. Let j be x(0). Suppose j*a = 14*a - 570. List the prime factors of a.
3, 19
Let s = -25 - -35. Suppose y + 4*y = s. Suppose -4*n = -y*w - 128, -n - 5*w = n - 88. List the prime factors of n.
2, 17
Let j be (-3)/(-6)*(-1 - -125). Let p = j - 56. List the prime factors of p.
2, 3
Let j(o) = -o**3 + 4*o**2 + 21*o - 6. Let q be j(6). Let v = 39 + -20. Suppose 3*c - 42 = -4*b + v, -2*c + b = -q. List the prime factors of c.
23
Suppose -3*h - 1288 = -7*h. Suppose 0 = 6*j - 844 + h. What are the prime factors of j?
3, 29
Let r(i) = -i**3 - 16*i**2 - 19*i - 14. Let w be (-6)/(-4)*248/12. Let j = 16 - w. List the prime factors of r(j).
2, 23
Let d(y) = 61*y**2 + 16*y + 29. List the prime factors of d(-6).
2129
Suppose 0 = -7*g + 2417 + 1069. What are the prime factors of g?
2, 3, 83
Let h be 3/(6*(-1)/(-4)). Suppose 0 = 4*b - 5*s + 4, -12 = -0*b - b - h*s. Suppose 0 = -3*z - 2*v + 39, z = -0*z + b*v - 1. List the prime factors of z.
11
What are the prime factors of (-17)/(765/(-10)) - (-15627)/27?
3, 193
Let z(j) = j**2 - 3*j + 10. Suppose -5*r = 10, 0*c + 3*r = -2*c. List the prime factors of z(c).
2, 5
List the prime factors of (24579/(-54))/(1/(-6)).
2731
Let l(z) = 4*z**2 - 10*z - 56. What are the prime factors of l(-11)?
2, 269
Suppose -1 + 10 = 3*m. Suppose -3*g - 25 = -r + 26, 3*g = m*r - 159. Let s = r + -21. List the prime factors of s.
3, 11
Suppose 0 = 4*u - 20 - 0. Suppose 0 = -u*l - 15, -3*r + 313 = 2*r - l. List the prime factors of r.
2, 31
Let c(k) = -k**2 + 13*k + 13. Suppose -q = 2, 20 - 5 = s - 4*q. Let y be c(s). Suppose -3*x = -y - 53. What are the prime factors of x?
2, 3
Suppose 2*v = 4*m - 3*v - 20, -3*m - v - 4 = 0. Let g be 2 - (-4 + 3 + m). Suppose -32 = -5*y + g. What are the prime factors of y?
7
Let h be (183/9 - 0)*3. Suppose p - 55 = -2*r, -2*p + p = -4*r - h. What are the prime factors of p?
3, 19
What are the prime factors of -17 + 597 - (2 + -2)?
2, 5, 29
Suppose 0 = -0*d - 5*d + 25, -3*b + 27 = 3*d. Suppose -b*q = -79 - 49. What are the prime factors of q?
2
Let x be 6/(-2)*20/(-6). Let u = 138 + x. What are the prime factors of u?
2, 37
Let y = 7 + -2. Suppose 4*p - 4*h + 28 = 0, 0*h + 14 = -y*p - 2*h. List the prime factors of -3 + p/(-1) - -9.
2, 5
Suppose -2*n + 12 = n. Suppose 33 = 4*d - 1703. What are the prime factors of d/14 - (n - 0)?
3
Let w(a) = a**2 + 5*a - 5. Suppose -2*p = -0*p + 12. Let n be w(p). What are the prime factors of 18 - -24 - (n - 0)?
41
Suppose -3*m + 4*h = m - 4, -4*h - 12 = -2*m. Let b be 40*(-25)/(-20)*2/4. Let p = b - m. What are the prime factors of p?
29
Let b(f) = -f**2 - 28*f - 118. Let u be b(-22). Let v = -26 - 58. What are the prime factors of (v/(-49))/(2/u)?
2, 3
Suppose -5*a = -24 - 1. Suppose 0 = -w + 4*w + 12, 3*m = -a*w + 139. List the prime factors of m.
53
Let d(k) = -k**3 - 10*k**2 + 11*k - 11. Let y(r) = -r**3 - 10*r**2 + 12*r - 11. Let v(o) = 2*d(o) - 3*y(o). What are the prime factors of v(-11)?
2, 11
Suppose -2*t - 5*v = -125, 4*v = -t + 3 + 64. Let n = t + 41. What are the prime factors of n?
2, 3
Let o be 2 + -1 + -2 - (-4 - -54). Let v = 102 + o. List the prime factors of v.
3, 17
Let p be 2 + 1 + (-15)/(-5). Suppose -4*j - 3*z = -132, 5*z - 140 = 2*j - p*j. List the prime factors of j.
2, 3, 5
Suppose 3*i + 2 = 4*i. Let w = -23 - -32. Let h = w + i. What are the prime factors of h?
11
Let q(p) = -9*p + 17. Let c be q(13). Let f = c + 179. List the prime factors of f.
79
Let j = -44 - -64. List the prime factors of (-12)/30 + 1928/j.
2, 3
Let b(q) = q - 49. Let d be b(0). Let o be 4*(-3)/((-30)/5). List the prime factors of o/(-7) - 161/d.
3
Let o be (-2)/10 + (-430)/(-25). Let i(b) = 2*b**2 - 33*b - 10. What are the prime factors of i(o)?
7
Let b(g) = -g**3 + 5*g**2 + 7*g - 2. Suppose s - 7 = 12. Suppose 2*z = -3*u + 15, 3*z + u = -0*u + s. What are the prime factors of b(z)?
2
Let z(n) = 75*n + 46. What are the prime factors of z(5)?
421
Suppose -234 = 4*f - 5*a, f + 30 = 4*a - 34. Let w = 149 - f. What are the prime factors of w?
5, 41
Let n(o) = 2*o**3 + 2*o - 3. Let v be n(4). Let d = 6 + -1. Suppose -d*t - 13 = -v. What are the prime factors of t?
2, 3
Let a(u) = 4*u - 2. Let b be a(1). Suppose 3*q + 5*c = b*q - 1, 3*q - 14 = 2*c. List the prime factors of (18/q)/(12/80).
2, 3, 5
Suppose 5*t - 16 + 1 = 0. Suppose -131 = -t*x + 67. Suppose x - 12 = z. What are the prime factors of z?
2, 3
Suppose -c - 54 - 70 = 0. Let n = 216 + c. List the prime factors of n.
2, 23
Let z(p) = 24*p + 54. List the prime factors of z(37).
2, 3, 157
Let h = 23 + -22. Let b be (h - 0)*4*1. Suppose -4*p = 5*r - 148, 17 = b*r + 1. List the prime factors of p.
2
Suppose 3*p - 14 = 4. Let c be (52/(-39))/((-2)/p). Suppose 3*d = -3*r + 69, 125 = 5*r + c*d - d. List the prime factors of r.
2, 7
Suppose 5*b - 201 = 2*o, -4*o - 23 = -b + 28. List the prime factors of b.
3, 13
Let w be (-562)/(28/(-20) + 1). Suppose 0*m = -5*m + w. What are the prime factors of m?
281
Suppose -3*p - 2*c + 317 = 0, -2*p + 11 = 5*c - 204. Let l be (2 - 0)*5/2. Suppose -l*q + 53 + 10 = 2*h, 3*q = 3*h - p. What are the prime factors of h?
2, 17
Suppose a + 5*b = -a + 67, 2*b = 3*a - 72. What are the prime factors of a?
2, 13
Suppose 0 = 4*m - 4, -2*w + 258 = 2*w - 2*m. What are the prime factors of w - (3 - (2 - 1))?
3, 7
Let n(j) be the second derivative of 0 + 3*j**2 - 7/6*j**3 + 5*j. What are the prime factors of n(-3)?
3
Suppose -3*u + d + 23 - 100 = 0, 5*u = -4*d - 151. Let f = 12 + u. List the prime factors of (-297)/f + 2/10.
2, 5
Let u be (-2 + 3)/((-1)/6). Suppose -2*l + 5*h = 6, 2*h - 2 = 